{"id":294,"date":"2022-01-05T23:47:02","date_gmt":"2022-01-05T23:47:02","guid":{"rendered":"http:\/\/www.somaattinenkirjoittaminen.fi\/?page_id=294"},"modified":"2024-11-07T15:01:38","modified_gmt":"2024-11-07T15:01:38","slug":"sinulle-kirjoittaja","status":"publish","type":"page","link":"https:\/\/www.somaattinenkirjoittaminen.fi\/index.php\/sinulle-kirjoittaja\/","title":{"rendered":"Sinulle, kirjoittaja"},"content":{"rendered":"\n<div class=\"is-layout-flex wp-container-3 wp-block-columns\">\n<div class=\"is-layout-flow wp-block-column is-vertically-aligned-center\">\n<figure class=\"wp-block-image size-large is-resized\"><img decoding=\"async\" loading=\"lazy\" src=\"http:\/\/www.somaattinenkirjoittaminen.fi\/wp-content\/uploads\/2022\/01\/rantakivikko-kopio-2-1024x1013.jpeg\" alt=\"\" class=\"wp-image-266\" width=\"541\" height=\"534\" srcset=\"https:\/\/www.somaattinenkirjoittaminen.fi\/wp-content\/uploads\/2022\/01\/rantakivikko-kopio-2-1024x1013.jpeg 1024w, https:\/\/www.somaattinenkirjoittaminen.fi\/wp-content\/uploads\/2022\/01\/rantakivikko-kopio-2-300x297.jpeg 300w, https:\/\/www.somaattinenkirjoittaminen.fi\/wp-content\/uploads\/2022\/01\/rantakivikko-kopio-2-768x760.jpeg 768w, https:\/\/www.somaattinenkirjoittaminen.fi\/wp-content\/uploads\/2022\/01\/rantakivikko-kopio-2-64x64.jpeg 64w, https:\/\/www.somaattinenkirjoittaminen.fi\/wp-content\/uploads\/2022\/01\/rantakivikko-kopio-2-600x593.jpeg 600w, https:\/\/www.somaattinenkirjoittaminen.fi\/wp-content\/uploads\/2022\/01\/rantakivikko-kopio-2-100x100.jpeg 100w, https:\/\/www.somaattinenkirjoittaminen.fi\/wp-content\/uploads\/2022\/01\/rantakivikko-kopio-2.jpeg 1380w\" sizes=\"(max-width: 541px) 100vw, 541px\" \/><\/figure>\n<\/div>\n\n\n\n<div class=\"is-layout-flow wp-block-column\">\n<p>Tervetuloa matkalle kehosi tiedon syviin kerroksiin. Ei haittaa, vaikka olosi olisikin joskus kuin eksyneell\u00e4 linnulla, kun on suunta ja siivet hukassa. Reitti l\u00f6ytyy kyll\u00e4.<\/p>\n\n\n\n<p>Onko sinulla jotain sellaista ty\u00f6st\u00e4mist\u00e4 vaativaa, johon haluaisit saada kirjoittamalla kosketuksen? Kirjoitatko jotain mielest\u00e4si vaativaa, laajempaa teksti\u00e4, johon haluaisit saada uusia, kenties syvempi\u00e4 n\u00e4k\u00f6kulmia? Kirjoititko joskus aiemmin esimerkiksi runoja tai p\u00e4iv\u00e4kirjaa, ja nyt kaipaat paluuta tuollaiseen vapaampaan, avoimempaan kirjoittamiseen?<\/p>\n\n\n\n<p>Onko el\u00e4m\u00e4ss\u00e4si syyst\u00e4 tai toisesta sellainen rako tai k\u00e4\u00e4nnekohta, johon kirjoittaminen tuntuisi sopivan? Tai toisaalta, onko arkesi usein niin kiireist\u00e4, ettei kirjoittaminen ilman j\u00e4rjestetty\u00e4 tilaisuutta tunnu sopivan siihen?<\/p>\n\n\n\n<p>Voisiko kirjoittaminen vain olla v\u00e4yl\u00e4 kohti jotain uutta tai vanhaa tai odottamatonta? Kohti sinua itse\u00e4si? Kohti tavoitteitasi?<\/p>\n\n\n\n<p>Ent\u00e4 jos kokeilisit somaattista kirjoittamista?<\/p>\n<\/div>\n<\/div>\n\n\n\n<div class=\"is-layout-flex wp-container-9 wp-block-columns\">\n<div class=\"is-layout-flow wp-block-column\" style=\"flex-basis:66.66%\">\n<p><strong><em>Mit\u00e4 somaattinen kirjoittaminen on? <\/em><\/strong><\/p>\n\n\n\n<p>Soma tarkoittaa kehoa ja nimenomaan omaa kehoa itse koettuna. Somaattinen kirjoittaminen on kirjoittamista kehosta k\u00e4sin, kehosta tietoisena ja kehon tiedon kautta. Esimerkiksi terapeutit ja n\u00e4yttelij\u00e4t ovat pitk\u00e4\u00e4n hy\u00f6dynt\u00e4neet somatiikkaan perustuvia, kehotietoisia menetelmi\u00e4. Kirjoittamisessa t\u00e4m\u00e4 kuitenkin on uutta. Me pys\u00e4hdymme, alamme tutkia paikkaa &#8211; ja juuria. <\/p>\n\n\n\n<p><strong>Tammikuun 2025 kurssi:<\/strong> <strong>Kirjoittamisen alkuun<\/strong><\/p>\n\n\n\n<p>Tammikuun 2025 kurssi sopii sellaiselle kirjoittajalle, joka on aloittelemassa uutta projektia tai palaamassa tauon j\u00e4lkeen kirjoittamisen pariin. Lajilla ei ole v\u00e4li\u00e4. Voit kirjoittaa fiktiota, ammatillisia tekstej\u00e4 tai oman itsesi vuoksi. Kurssi sopii my\u00f6s heng\u00e4hdystauoksi vaativampien projektien v\u00e4limaastoon tai sellaisessa el\u00e4m\u00e4ntilanteessa, jossa on paljon pohdittavaa. Kurssin sis\u00e4lt\u00f6 ei ole terapeuttista, mutta sen sijaan kurssilla rakennetaan tietoisuutta kirjoittajan kehon ja mielen merkityksest\u00e4. <\/p>\n\n\n\n<p>Kurssi pidet\u00e4\u00e4n Zoom-alustalla. Tapaamisissa kirjoitetaan ohjattujen harjoitusten avulla. Virikkeen\u00e4 k\u00e4ytet\u00e4\u00e4n lempeit\u00e4 kehollisia ja visuaalisia harjoituksia. Tekstej\u00e4 ei jaeta, voit kirjoittaa koko ajan itsellesi. Halutessasi voit osallistua anonyymisti. Kurssin p\u00e4\u00e4tytty\u00e4 osallistujalla on tekstiluonnoksia ty\u00f6stett\u00e4v\u00e4ksi, kirjoittamisen tuottamia oivalluksia ja k\u00e4sitys siit\u00e4, miten pit\u00e4\u00e4 yll\u00e4 itselle sopivia kirjoitustottumuksia. Lis\u00e4ksi kurssilta saa mukaan harjoituksia ja vinkkej\u00e4 kirjoittamisen jatkamiseen.<\/p>\n\n\n\n<p>Tapaamiset ovat torstaisin <strong>9.1., 16.1., 23.1. ja 30.1. klo 19\u201420.30. <\/strong>Tapaamiset saa k\u00e4ytt\u00f6\u00f6n my\u00f6s tallenteina. Hinta on 80 euroa (sis. alv.). <a href=\"http:\/\/www.somaattinenkirjoittaminen.fi\/index.php\/kauppa\/\">Voit ilmoittautua mukaan t\u00e4\u00e4ll\u00e4.<\/a> <\/p>\n\n\n\n<p>Olet l\u00e4mpim\u00e4sti tervetullut mukaan kurssille! Pys\u00e4hdyt\u00e4\u00e4n ja etsit\u00e4\u00e4n omaa paikkaa ja \u00e4\u00e4nt\u00e4 erilaisin kehollisin harjoituksin ja tietysti kirjoittaen. <\/p>\n<\/div>\n\n\n\n<div class=\"is-layout-flow wp-block-column is-vertically-aligned-center\" style=\"flex-basis:33.33%\">\n<div class=\"is-layout-flex wp-container-6 wp-block-columns\">\n<div class=\"is-layout-flow wp-block-column\" style=\"flex-basis:100%\">\n<figure class=\"wp-block-image alignwide size-full\"><img decoding=\"async\" loading=\"lazy\" width=\"768\" height=\"768\" src=\"http:\/\/www.somaattinenkirjoittaminen.fi\/wp-content\/uploads\/2022\/01\/2060D282-88B2-4100-B84D-C84B3FE867A8_1_105_c-edited.jpeg\" alt=\"\" class=\"wp-image-203\" srcset=\"https:\/\/www.somaattinenkirjoittaminen.fi\/wp-content\/uploads\/2022\/01\/2060D282-88B2-4100-B84D-C84B3FE867A8_1_105_c-edited.jpeg 768w, https:\/\/www.somaattinenkirjoittaminen.fi\/wp-content\/uploads\/2022\/01\/2060D282-88B2-4100-B84D-C84B3FE867A8_1_105_c-edited-300x300.jpeg 300w, https:\/\/www.somaattinenkirjoittaminen.fi\/wp-content\/uploads\/2022\/01\/2060D282-88B2-4100-B84D-C84B3FE867A8_1_105_c-edited-150x150.jpeg 150w, https:\/\/www.somaattinenkirjoittaminen.fi\/wp-content\/uploads\/2022\/01\/2060D282-88B2-4100-B84D-C84B3FE867A8_1_105_c-edited-64x64.jpeg 64w, https:\/\/www.somaattinenkirjoittaminen.fi\/wp-content\/uploads\/2022\/01\/2060D282-88B2-4100-B84D-C84B3FE867A8_1_105_c-edited-600x600.jpeg 600w, https:\/\/www.somaattinenkirjoittaminen.fi\/wp-content\/uploads\/2022\/01\/2060D282-88B2-4100-B84D-C84B3FE867A8_1_105_c-edited-100x100.jpeg 100w\" sizes=\"(max-width: 768px) 100vw, 768px\" \/><\/figure>\n<\/div>\n<\/div>\n<\/div>\n\n\n\n<div class=\"is-layout-flow wp-block-column\"><\/div>\n<\/div>\n\n\n\n<p class=\"has-text-align-center\"><strong><em>Mit\u00e4 kaikkea t\u00e4m\u00e4 kurssi on &#8211; ja mit\u00e4 se ei ole? <\/em><\/strong><\/p>\n\n\n\n<div class=\"is-layout-flex wp-container-12 wp-block-columns\">\n<div class=\"is-layout-flow wp-block-column\">\n<p><strong><em>T\u00e4m\u00e4 kurssi on sinulle, jos <\/em><\/strong><\/p>\n\n\n\n<ul>\n<li>Haluat kirjoittaa harjoitusten ja teht\u00e4v\u00e4nantojen pohjalta vapaasti ja omiin tarkoituksiisi soveltaen.<\/li>\n\n\n\n<li>Sinulla on jo jonkinlaista kokemusta kirjoittamisesta ja haluat kehitty\u00e4 siin\u00e4 lis\u00e4\u00e4. Mieless\u00e4si on asioita, joita haluat pohtia kirjoittamalla. Kirjoitat ensisijaisesti itsellesi ja mahdollista my\u00f6hemp\u00e4\u00e4 jatkojalostusta varten.<\/li>\n\n\n\n<li>Olet kiinnostunut kokeilemaan avoimista, oman kehon kuunteluun pohjaavista ty\u00f6tavoista. <\/li>\n\n\n\n<li>Haluat rakentaa juuri sinulle sopivan, ainutlaatuisen kirjoitusprosessin. <\/li>\n\n\n\n<li>Sinulla on k\u00e4yt\u00f6ss\u00e4si muistikirja tai -vihko, rauhallinen tila ja verkkoyhteys. <\/li>\n\n\n\n<li>Haluat valita, kuinka paljon osallistut kurssilla. Zoom-tapaamisissa on mahdollisuus keskusteluun, mutta halutessaan videoyhteyden voi my\u00f6s sulkea ja kirjoittaa ohjeita kuunnellen oman paikan turvallisessa, yksityisess\u00e4 tilassa. <\/li>\n<\/ul>\n<\/div>\n\n\n\n<div class=\"is-layout-flow wp-block-column\">\n<p><strong><em>T\u00e4m\u00e4 kurssi ei ehk\u00e4 sovellu sinulle, jos<\/em><\/strong><\/p>\n\n\n\n<ul>\n<li>Toivot kirjoittamiseesi ennen kaikkea ennalta m\u00e4\u00e4riteltyyn lopputulokseen t\u00e4ht\u00e4\u00e4vi\u00e4 ohjeita. T\u00e4ll\u00e4 kurssilla keskityt\u00e4\u00e4n prosessiin, ei niink\u00e4\u00e4n lopputulokseen. <\/li>\n\n\n\n<li>Haluat ensisijaisesti oppia jonkin tietyn tekstilajin, kuten esimerkiksi proosan tai runouden kirjoittamista. T\u00e4ll\u00e4 kurssilla keskityt\u00e4\u00e4n kirjoittajan henkil\u00f6kohtaisten valmiuksien rakentamiseen. Voit jo kurssin aikana ja my\u00f6hemmin hy\u00f6dynt\u00e4\u00e4 harjoituksia haluamiisi tarkoituksiin. Kenties l\u00f6yd\u00e4t kurssin aikana kirjoittamistasi teksteist\u00e4 jotain, mihin et ollut aiemmin edes ajatellut p\u00e4\u00e4tyv\u00e4si. <\/li>\n\n\n\n<li>Odotat, ett\u00e4 saat muilta palautetta. Kurssin livetapaamisissa voidaan toki vaihtaa kokemuksia ja oppia sit\u00e4 kautta toisilta, mutta tekstej\u00e4 ei jaeta. Ne kirjoitetaan itselle ja mahdollista my\u00f6hemp\u00e4\u00e4 ty\u00f6st\u00e4mist\u00e4 varten.<\/li>\n\n\n\n<li>Odotat kurssilta esimerkiksi terapeuttista tai el\u00e4m\u00e4ntaidollista sis\u00e4lt\u00f6\u00e4 ja ohjausta. Kirjoittaminen voi vaikuttaa sinuun monin eri tavoin. T\u00e4m\u00e4n kurssin tarkoitus on kirjoitusprosessisi tukeminen. Tekstej\u00e4 kirjoitetaan itselle ja mahdollista jatkoty\u00f6st\u00e4mist\u00e4 varten. <\/li>\n<\/ul>\n<\/div>\n<\/div>\n\n\n\n<p class=\"has-text-align-center\"><strong><em>Kiinnostuitko? Tule mukaan, \u00e4l\u00e4 j\u00e4\u00e4 etsim\u00e4\u00e4n reittej\u00e4si yksin!<\/em><\/strong>  <\/p>\n\n\n\n<figure class=\"wp-block-image size-large is-resized\"><img decoding=\"async\" loading=\"lazy\" src=\"http:\/\/www.somaattinenkirjoittaminen.fi\/wp-content\/uploads\/2022\/01\/ihmisjoukko-kopio-2-1024x278.jpeg\" alt=\"\" class=\"wp-image-257\" width=\"1182\" height=\"321\" srcset=\"https:\/\/www.somaattinenkirjoittaminen.fi\/wp-content\/uploads\/2022\/01\/ihmisjoukko-kopio-2-1024x278.jpeg 1024w, https:\/\/www.somaattinenkirjoittaminen.fi\/wp-content\/uploads\/2022\/01\/ihmisjoukko-kopio-2-300x81.jpeg 300w, https:\/\/www.somaattinenkirjoittaminen.fi\/wp-content\/uploads\/2022\/01\/ihmisjoukko-kopio-2-768x208.jpeg 768w, https:\/\/www.somaattinenkirjoittaminen.fi\/wp-content\/uploads\/2022\/01\/ihmisjoukko-kopio-2-1536x417.jpeg 1536w, https:\/\/www.somaattinenkirjoittaminen.fi\/wp-content\/uploads\/2022\/01\/ihmisjoukko-kopio-2-2048x555.jpeg 2048w, https:\/\/www.somaattinenkirjoittaminen.fi\/wp-content\/uploads\/2022\/01\/ihmisjoukko-kopio-2-600x163.jpeg 600w\" sizes=\"(max-width: 1182px) 100vw, 1182px\" \/><\/figure>\n","protected":false},"excerpt":{"rendered":"<p>Tervetuloa matkalle kehosi tiedon syviin kerroksiin. Ei haittaa, vaikka olosi olisikin joskus kuin eksyneell\u00e4 linnulla, kun on suunta ja siivet hukassa. Reitti l\u00f6ytyy kyll\u00e4. Onko sinulla jotain sellaista ty\u00f6st\u00e4mist\u00e4 vaativaa, johon haluaisit saada kirjoittamalla kosketuksen? Kirjoitatko jotain mielest\u00e4si vaativaa, laajempaa teksti\u00e4, johon haluaisit saada uusia, kenties syvempi\u00e4 n\u00e4k\u00f6kulmia? Kirjoititko joskus aiemmin esimerkiksi runoja tai p\u00e4iv\u00e4kirjaa,&#8230;<\/p>\n","protected":false},"author":1,"featured_media":0,"parent":0,"menu_order":0,"comment_status":"closed","ping_status":"closed","template":"","meta":{"_kad_post_transparent":"","_kad_post_title":"","_kad_post_layout":"","_kad_post_sidebar_id":"","_kad_post_content_style":"","_kad_post_vertical_padding":"","_kad_post_feature":"","_kad_post_feature_position":"","_kad_post_header":false,"_kad_post_footer":false},"_links":{"self":[{"href":"https:\/\/www.somaattinenkirjoittaminen.fi\/index.php\/wp-json\/wp\/v2\/pages\/294"}],"collection":[{"href":"https:\/\/www.somaattinenkirjoittaminen.fi\/index.php\/wp-json\/wp\/v2\/pages"}],"about":[{"href":"https:\/\/www.somaattinenkirjoittaminen.fi\/index.php\/wp-json\/wp\/v2\/types\/page"}],"author":[{"embeddable":true,"href":"https:\/\/www.somaattinenkirjoittaminen.fi\/index.php\/wp-json\/wp\/v2\/users\/1"}],"replies":[{"embeddable":true,"href":"https:\/\/www.somaattinenkirjoittaminen.fi\/index.php\/wp-json\/wp\/v2\/comments?post=294"}],"version-history":[{"count":19,"href":"https:\/\/www.somaattinenkirjoittaminen.fi\/index.php\/wp-json\/wp\/v2\/pages\/294\/revisions"}],"predecessor-version":[{"id":955,"href":"https:\/\/www.somaattinenkirjoittaminen.fi\/index.php\/wp-json\/wp\/v2\/pages\/294\/revisions\/955"}],"wp:attachment":[{"href":"https:\/\/www.somaattinenkirjoittaminen.fi\/index.php\/wp-json\/wp\/v2\/media?parent=294"}],"curies":[{"name":"wp","href":"https:\/\/api.w.org\/{rel}","templated":true}]}}